20 and 1170060?
60
Calculate the greatest common factor of 81 and 195381.
9
Calculate the highest common divisor of 544 and 17476.
68
What is the greatest common factor of 471 and 11304?
471
Calculate the highest common factor of 960869 and 91.
91
What is the greatest common factor of 3 and 72669?
3
What is the greatest common divisor of 80012 and 83?
83
What is the greatest common factor of 515856 and 24?
24
What is the highest common divisor of 161720 and 1560?
520
What is the greatest common factor of 420540 and 22188?
516
Calculate the greatest common divisor of 6678 and 30093.
21
Calculate the highest common factor of 833 and 33133.
17
What is the greatest common factor of 11837042 and 23?
23
Calculate the highest common divisor of 1912 and 27304.
8
What is the greatest common factor of 1650 and 369?
3
What is the greatest common factor of 19263 and 6?
3
Calculate the highest common factor of 80 and 36880.
80
What is the greatest common factor of 1314 and 5222493?
657
What is the greatest common factor of 328 and 2?
2
Calculate the greatest common factor of 11904 and 2139.
93
What is the highest common divisor of 94393 and 159?
53
Calculate the greatest common divisor of 142 and 18247.
71
What is the greatest common factor of 278885 and 935?
85
What is the greatest common divisor of 2665 and 2080?
65
What is the highest common factor of 12 and 16182?
6
Calculate the highest common factor of 19523005 and 1285.
1285
Calculate the greatest common divisor of 41649 and 3.
3
Calculate the greatest common divisor of 6650 and 855190.
1330
Calculate the highest common divisor of 7989334 and 1214.
1214
What is the greatest common divisor of 75955 and 55?
55
Calculate the highest common divisor of 2 and 129902.
2
What is the greatest common divisor of 518 and 681170?
518
Calculate the highest common divisor of 32 and 5074.
2
What is the greatest common factor of 23480 and 4?
4
Calculate the highest common factor of 1755449 and 566.
283
Calculate the greatest common factor of 2260 and 6215.
565
Calculate the greatest common factor of 210 and 277130.
70
What is the highest common factor of 228 and 295773?
57
Calculate the highest common divisor of 786505 and 190.
95
What is the greatest common factor of 2784 and 10904?
232
Calculate the greatest common factor of 1121184 and 1530.
306
What is the highest common divisor of 1429446 and 114?
114
Calculate the greatest common factor of 46911 and 36212.
823
What is the greatest common factor of 774 and 51342?
258
What is the highest common factor of 10 and 56065?
5
Calculate the greatest common divisor of 11838288 and 48.
48
What is the greatest common divisor of 1645970 and 380?
190
Calculate the greatest common factor of 104897 and 13.
13
What is the greatest common factor of 2190 and 6780?
30
Calculate the greatest common factor of 30485 and 7.
7
What is the greatest common factor of 799696 and 16?
16
Calculate the highest common factor of 624 and 8592.
48
Calculate the highest common divisor of 10349080 and 56.
56
What is the highest common factor of 1038 and 218499?
519
Calculate the highest common divisor of 2266 and 17407.
103
Calculate the greatest common factor of 980 and 2070152.
196
Calculate the greatest common divisor of 175386 and 30.
6
Calculate the highest common divisor of 1568 and 22687.
49
What is the highest common factor of 884 and 56797?
221
Calculate the greatest common factor of 283950 and 4050.
450
Calculate the highest common factor of 923976 and 3690.
738
Calculate the greatest common divisor of 190 and 54190.
10
Calculate the highest common divisor of 50334 and 6.
6
Calculate the greatest common factor of 63161 and 1911.
49
Calculate the highest common divisor of 5757187 and 251.
251
What is the greatest common factor of 185 and 33520?
5
What is the highest common divisor of 14308 and 196?
196
Calculate the greatest common divisor of 6541150 and 35.
35
Calculate the highest common divisor of 1911 and 1222.
13
What is the greatest common factor of 132 and 634326?
66
Calculate the greatest common factor of 8820 and 40950.
630
Calculate the greatest common factor of 145 and 2384815.
145
Calculate the greatest common factor of 489 and 59821.
163
Calculate the greatest common factor of 1384049 and 239.
239
Calculate the highest common factor of 688 and 35948.
172
What is the highest common factor of 204084 and 52?
4
Calculate the greatest common divisor of 63234 and 5562.
54
Calculate the highest common factor of 473008 and 816.
272
Calculate the highest common factor of 880 and 11282480.
880
Calculate the greatest common divisor of 1130 and 105542.
226
Calculate the greatest common divisor of 160299 and 63.
9
What is the greatest common divisor of 41335 and 70?
35
Calculate the highest common divisor of 10 and 8185.
5
What is the greatest common divisor of 2570 and 310?
10
What is the greatest common divisor of 1420 and 16540?
20
What is the highest common factor of 87 and 373?
1
Calculate the greatest common divisor of 439412 and 148.
148
What is the greatest common factor of 1971 and 30441?
219
Calculate the greatest common divisor of 93749 and 723.
241
What is the highest common divisor of 191744 and 856?
856
Calculate the greatest common divisor of 3080533 and 3039.
1013
What is the greatest common divisor of 150 and 8657850?
150
Calculate the highest common factor of 1062 and 308511.
531
What is the greatest common factor of 703 and 96748?
19
What is the highest common divisor of 120 and 1078780?
20
What is the highest common divisor of 20 and 7660?
20
What is the highest common factor of 519 and 48?
3
What is the greatest common factor of 9328 and 808?
8
What is the highest common divisor of 2037036 and 12?
12
What is the greatest common divisor of 15863 and 87?
29
What is the greatest common factor of 870148 and 258?
86
What is the greatest common factor of 106435 and 140?
35
Calculate the highest common divisor of 1028705 and 16980.
1415
What is the greatest common factor of 566 and 728725?
283
What is the greatest common divisor of 8856 and 41?
41
Calculate the greatest common factor of 11396 and 25564.
308
Calculate the greatest common factor of 74 and 500.
2
What is the highest common factor of 342 and 4218?
114
Calculate the highest common divisor of 4292 and 387908.
148
Calculate the highest common factor of 688 and 3454448.
688
What is the highest common divisor of 1050 and 2268?
42
Calculate the greatest common factor of 11962 and 22.
2
Calculate the highest common divisor of 24960 and 11712.
192
Calculate the highest common divisor of 80 and 603904.
16
What is the greatest common divisor of 117792 and 576?
288
What is the greatest common divisor of 748 and 138193?
187
What is the highest common factor of 384 and 1119072?
96
What is the highest common divisor of 348452 and 182?
26
Calculate the highest common factor of 42558 and 2422.
346
Calculate the highest common divisor of 2805 and 9435.
255
Calculate the highest common divisor of 1715 and 96187.
49
What is the highest common divisor of 1169 and 1529219?
167
Calculate the greatest common factor of 1140 and 765.
15
What is the greatest common divisor of 4312 and 2744?
392
Calculate the highest common divisor of 5000970 and 30.
30
Calculate the highest common divisor of 280 and 299656.
56
Calculate the highest common factor of 19312 and 782.
34
Calculate the highest common divisor of 78122 and 56551.
583
Calculate the highest common factor of 90 and 7422.
6
Calculate the greatest common divisor of 4263 and 2639.
203
Calculate the greatest common factor of 627237 and 156.
39
What is the greatest common divisor of 17868 and 6?
6
What is the highest common divisor of 1462 and 136?
34
What is the highest common factor of 41560 and 80?
40
Calculate the highest common divisor of 115233 and 568.
71
What is the highest common factor of 3146 and 32318?
286
What is the highest common divisor of 16590 and 395?
395
What is the greatest common factor of 10 and 662990?
10
Calculate the highest common divisor of 416 and 98410.
26
Calculate the highest common factor of 4270 and 20.
10
What is the highest common divisor of 11346 and 4514?
122
What is the greatest common divisor of 2049872 and 16?
16
What is the highest common d